{"id":70,"date":"2023-05-05T22:48:40","date_gmt":"2023-05-05T20:48:40","guid":{"rendered":"https:\/\/www.stmartin-no.sk\/?page_id=70"},"modified":"2024-01-26T17:10:29","modified_gmt":"2024-01-26T16:10:29","slug":"kontakt","status":"publish","type":"page","link":"https:\/\/www.stmartin-no.sk\/?page_id=70","title":{"rendered":"Kontakt"},"content":{"rendered":"\n<div class=\"wp-block-columns is-layout-flex wp-container-core-columns-layout-1 wp-block-columns-is-layout-flex\">\n<div class=\"wp-block-column is-layout-flow wp-block-column-is-layout-flow\">\n<p class=\"has-black-color has-text-color has-link-color wp-elements-10326178ffffda5e43714f585be207cd\"><br><strong>N\u00e1zov organiz\u00e1cie:<\/strong>&nbsp;&nbsp;St. Martin, n. o.<\/p>\n\n\n\n<p class=\"has-black-color has-text-color has-link-color wp-elements-f080fd0efe82fd4f07d5d3eb523d1bb0\"><strong>\u0160tatut\u00e1rny org\u00e1n:&nbsp;<\/strong>&nbsp;J\u00e1n Baran, riadite\u013e<\/p>\n\n\n\n<p class=\"has-black-color has-text-color has-link-color wp-elements-469f74055c8a44363b5d521d474f53f5\"><strong>S\u00eddlo:<\/strong>&nbsp;&nbsp;Li\u010dartovce 114, 082 03<\/p>\n\n\n\n<p class=\"has-black-color has-text-color has-link-color wp-elements-31d85b8812c63d11c42b881c79247343\"><strong>I\u010cO:&nbsp;<\/strong>45 742 715<\/p>\n\n\n\n<p class=\"has-black-color has-text-color has-link-color wp-elements-3a86972cfa5af9e657eeed25e11c0a22\"><strong>DI\u010c:&nbsp;<\/strong>2024048543<\/p>\n\n\n\n<p class=\"has-black-color has-text-color has-link-color wp-elements-baa5632d096548d1978f4ff538a27e9f\"><strong>registrovan\u00fd \u00farad<\/strong><strong>:<\/strong>&nbsp;Okresn\u00fd \u00farad Pre\u0161ov<\/p>\n\n\n\n<p class=\"has-black-color has-text-color has-link-color wp-elements-9ac00cf961d1ea846fe5a532228b76c6\"><\/p>\n\n\n\n<p class=\"has-black-color has-text-color has-link-color wp-elements-7a8352754b2523b17e038d2d78faabfa\"><strong>e-mail :<\/strong>&nbsp;stmartinno@gmail.com<\/p>\n\n\n\n<p class=\"has-black-color has-text-color has-link-color wp-elements-d3e3d83a578aa22f34a6b26433640701\"><strong>Bankov\u00e9 spojenie:&nbsp;<\/strong>Po\u0161tov\u00e1 banka a.s.<\/p>\n\n\n\n<p class=\"has-black-color has-text-color has-link-color wp-elements-3b8ed73b32c9a9b9815af1303db079ff\"><strong>IBAN:&nbsp;<\/strong>SK4465000000000020539409<\/p>\n<\/div>\n\n\n\n<div class=\"wp-block-column is-layout-flow wp-block-column-is-layout-flow\">\n<h5 class=\"wp-block-heading has-text-align-center\"><strong>Zariadenie pre seniorov St. Martin n.o. Vy\u0161n\u00e1 \u0160ebastov\u00e1 468,&nbsp; Pre\u0161ov 080 06<\/strong><\/h5>\n\n\n\n<div class=\"wp-block-ive-google-map alignnone ive_google_map_0aab6d-71\"><div id=\"overlay\" style=\"cursor:pointer\"><\/div><div class=\"ive-google-map__wrap\" id=\"ive-google-map-b00aab6d-71a4-402b-a6fa-6ec0b3e9dcc1\"><iframe class=\"ive-google-map__iframe\" src=\"https:\/\/maps.google.com\/maps?q=49.0177276965746%2C%2021.323747309197273&amp;t=&amp;z=12&amp;ie=UTF8&amp;iwloc=&amp;output=embed\" style=\"height:300px;width:100%;opacity:1\"><\/iframe><\/div><\/div>\n<\/div>\n<\/div>\n\n\n<div class=\"wpforms-container wpforms-container-full wpforms-render-modern\" id=\"wpforms-597\"><form id=\"wpforms-form-597\" class=\"wpforms-validate wpforms-form wpforms-ajax-form\" data-formid=\"597\" method=\"post\" enctype=\"multipart\/form-data\" action=\"\/index.php?rest_route=%2Fwp%2Fv2%2Fpages%2F70\" data-token=\"93c1ae1dbdb55d057a86428706e2ea6a\"><noscript class=\"wpforms-error-noscript\">Please enable JavaScript in your browser to complete this form.<\/noscript><div class=\"wpforms-hidden\" id=\"wpforms-error-noscript\">Please enable JavaScript in your browser to complete this form.<\/div><div class=\"wpforms-field-container\"><div id=\"wpforms-597-field_0-container\" class=\"wpforms-field wpforms-field-name\" data-field-id=\"0\"><fieldset><legend class=\"wpforms-field-label\">Meno a priezvisko <span class=\"wpforms-required-label\" aria-hidden=\"true\">*<\/span><\/legend><div class=\"wpforms-field-row wpforms-field-medium\"><div class=\"wpforms-field-row-block wpforms-first wpforms-one-half\"><input type=\"text\" id=\"wpforms-597-field_0\" class=\"wpforms-field-name-first wpforms-field-required\" name=\"wpforms[fields][0][first]\" placeholder=\"Meno\" aria-errormessage=\"wpforms-597-field_0-error\" required><label for=\"wpforms-597-field_0\" class=\"wpforms-field-sublabel after wpforms-sublabel-hide\">First<\/label><\/div><div class=\"wpforms-field-row-block wpforms-one-half\"><input type=\"text\" id=\"wpforms-597-field_0-last\" class=\"wpforms-field-name-last wpforms-field-required\" name=\"wpforms[fields][0][last]\" placeholder=\"Priezvisko\" aria-errormessage=\"wpforms-597-field_0-last-error\" required><label for=\"wpforms-597-field_0-last\" class=\"wpforms-field-sublabel after wpforms-sublabel-hide\">Last<\/label><\/div><\/div><\/fieldset><\/div><div id=\"wpforms-597-field_1-container\" class=\"wpforms-field wpforms-field-email\" data-field-id=\"1\"><label class=\"wpforms-field-label\" for=\"wpforms-597-field_1\">Email <span class=\"wpforms-required-label\" aria-hidden=\"true\">*<\/span><\/label><input type=\"email\" id=\"wpforms-597-field_1\" class=\"wpforms-field-medium wpforms-field-required\" name=\"wpforms[fields][1]\" spellcheck=\"false\" aria-errormessage=\"wpforms-597-field_1-error\" required><\/div><div id=\"wpforms-597-field_2-container\" class=\"wpforms-field wpforms-field-textarea\" data-field-id=\"2\"><label class=\"wpforms-field-label\" for=\"wpforms-597-field_2\">Va\u0161a spr\u00e1va<\/label><textarea id=\"wpforms-597-field_2\" class=\"wpforms-field-medium\" name=\"wpforms[fields][2]\" aria-errormessage=\"wpforms-597-field_2-error\" ><\/textarea><\/div><\/div><!-- .wpforms-field-container --><div class=\"wpforms-recaptcha-container wpforms-is-recaptcha wpforms-is-recaptcha-type-v2\" ><div class=\"g-recaptcha\" data-sitekey=\"6Lcvb10pAAAAANC6LcTeIYXbzJpyQ4WDFrz1zeRK\"><\/div><input type=\"text\" name=\"g-recaptcha-hidden\" class=\"wpforms-recaptcha-hidden\" style=\"position:absolute!important;clip:rect(0,0,0,0)!important;height:1px!important;width:1px!important;border:0!important;overflow:hidden!important;padding:0!important;margin:0!important;\" data-rule-recaptcha=\"1\"><\/div><div class=\"wpforms-submit-container\" ><input type=\"hidden\" name=\"wpforms[id]\" value=\"597\"><input type=\"hidden\" name=\"wpforms[author]\" value=\"1\"><button type=\"submit\" name=\"wpforms[submit]\" id=\"wpforms-submit-597\" class=\"wpforms-submit\" data-alt-text=\"Sending...\" data-submit-text=\"Submit\" aria-live=\"assertive\" value=\"wpforms-submit\">Submit<\/button><img loading=\"lazy\" decoding=\"async\" src=\"https:\/\/www.stmartin-no.sk\/wp-content\/plugins\/wpforms-lite\/assets\/images\/submit-spin.svg\" class=\"wpforms-submit-spinner\" style=\"display: none;\" width=\"26\" height=\"26\" alt=\"Loading\"><\/div><\/form><\/div>  <!-- .wpforms-container -->\n","protected":false},"excerpt":{"rendered":"<p>N\u00e1zov organiz\u00e1cie:&nbsp;&nbsp;St. Martin, n. o. \u0160tatut\u00e1rny org\u00e1n:&nbsp;&nbsp;J\u00e1n Baran, riadite\u013e S\u00eddlo:&nbsp;&nbsp;Li\u010dartovce 114, 082 03 I\u010cO:&nbsp;45 742 715 DI\u010c:&nbsp;2024048543 registrovan\u00fd \u00farad:&nbsp;Okresn\u00fd \u00farad Pre\u0161ov e-mail :&nbsp;stmartinno@gmail.com Bankov\u00e9 spojenie:&nbsp;Po\u0161tov\u00e1 banka a.s. IBAN:&nbsp;SK4465000000000020539409 Zariadenie pre seniorov St. Martin n.o. Vy\u0161n\u00e1 \u0160ebastov\u00e1 468,&nbsp; Pre\u0161ov 080 06<\/p>\n","protected":false},"author":1,"featured_media":0,"parent":0,"menu_order":0,"comment_status":"closed","ping_status":"closed","template":"","meta":{"_regular_price":[],"currency_symbol":[],"_eb_attr":"","_monsterinsights_skip_tracking":false,"_monsterinsights_sitenote_active":false,"_monsterinsights_sitenote_note":"","_monsterinsights_sitenote_category":0,"footnotes":""},"post_slider_layout_featured_media_urls":{"thumbnail":"","post_slider_layout_landscape_large":"","post_slider_layout_portrait_large":"","post_slider_layout_square_large":"","post_slider_layout_landscape":"","post_slider_layout_portrait":"","post_slider_layout_square":"","full":""},"_links":{"self":[{"href":"https:\/\/www.stmartin-no.sk\/index.php?rest_route=\/wp\/v2\/pages\/70"}],"collection":[{"href":"https:\/\/www.stmartin-no.sk\/index.php?rest_route=\/wp\/v2\/pages"}],"about":[{"href":"https:\/\/www.stmartin-no.sk\/index.php?rest_route=\/wp\/v2\/types\/page"}],"author":[{"embeddable":true,"href":"https:\/\/www.stmartin-no.sk\/index.php?rest_route=\/wp\/v2\/users\/1"}],"replies":[{"embeddable":true,"href":"https:\/\/www.stmartin-no.sk\/index.php?rest_route=%2Fwp%2Fv2%2Fcomments&post=70"}],"version-history":[{"count":6,"href":"https:\/\/www.stmartin-no.sk\/index.php?rest_route=\/wp\/v2\/pages\/70\/revisions"}],"predecessor-version":[{"id":635,"href":"https:\/\/www.stmartin-no.sk\/index.php?rest_route=\/wp\/v2\/pages\/70\/revisions\/635"}],"wp:attachment":[{"href":"https:\/\/www.stmartin-no.sk\/index.php?rest_route=%2Fwp%2Fv2%2Fmedia&parent=70"}],"curies":[{"name":"wp","href":"https:\/\/api.w.org\/{rel}","templated":true}]}}